
Calculate the highest common divisor of 6083 and 15618379.
553
Calculate the highest common divisor of 8 and 13639732.
4
Calculate the highest common divisor of 133496334 and 3.
3
Calculate the highest common divisor of 218080 and 2059.
29
Calculate the highest common factor of 3881 and 2073.
1
What is the greatest common factor of 241 and 3158016523?
241
Calculate the greatest common factor of 545568 and 6112.
32
Calculate the greatest common factor of 19564 and 8504176.
268
What is the greatest common factor of 2842 and 543547?
29
Calculate the greatest common factor of 49030578 and 1584.
18
What is the highest common factor of 12040 and 42448?
56
What is the greatest common factor of 1710 and 8084070?
90
Calculate the highest common divisor of 2353941 and 162.
81
Calculate the highest common divisor of 376157028 and 3016.
1508
What is the greatest common factor of 2773 and 715431227?
2773
Calculate the highest common factor of 390 and 72960472.
26
Calculate the greatest common factor of 1802012 and 28.
4
What is the greatest common factor of 333 and 270359?
37
What is the greatest common factor of 1611 and 79367347?
179
What is the greatest common factor of 2910 and 160499110?
970
Calculate the greatest common factor of 984 and 2944702.
82
Calculate the highest common divisor of 513662265 and 9090.
4545
What is the greatest common divisor of 68077982 and 2152?
538
Calculate the greatest common factor of 620 and 7054220.
20
Calculate the greatest common divisor of 304992 and 106272.
864
What is the greatest common divisor of 1551140 and 180?
20
What is the greatest common divisor of 381678 and 13134?
66
What is the highest common divisor of 8800171 and 86731?
2017
What is the greatest common factor of 5081614 and 197626?
1382
Calculate the greatest common divisor of 3551437 and 856.
107
Calculate the highest common divisor of 2008530 and 2365.
215
Calculate the highest common divisor of 21385 and 217735.
35
What is the greatest common factor of 2440722 and 16642?
314
What is the highest common divisor of 57097501 and 2188?
547
What is the highest common divisor of 26 and 388618?
2
What is the highest common factor of 1236 and 8719671?
309
What is the greatest common factor of 86 and 4488985?
43
Calculate the greatest common divisor of 511 and 16980968.
73
Calculate the highest common divisor of 594 and 20673906.
66
Calculate the highest common factor of 9004222 and 772.
386
Calculate the greatest common divisor of 95106 and 329989.
1441
Calculate the greatest common factor of 841216 and 1116.
124
Calculate the highest common factor of 5 and 9743345.
5
Calculate the highest common factor of 175916994 and 220.
22
Calculate the greatest common factor of 1453137 and 147.
21
Calculate the greatest common divisor of 53105 and 6522776.
247
Calculate the greatest common divisor of 2173291 and 89.
89
What is the greatest common divisor of 3912356 and 3724?
196
Calculate the greatest common factor of 5933178 and 16272.
2034
What is the highest common factor of 88645619 and 127?
127
What is the highest common divisor of 9520 and 101827824?
1904
What is the highest common divisor of 272172 and 96854?
1226
What is the highest common divisor of 148083810 and 35?
35
What is the greatest common divisor of 2413 and 202115293?
2413
Calculate the greatest common divisor of 10561899 and 23.
23
What is the highest common factor of 2520 and 10636584?
168
What is the highest common factor of 1360750 and 1500?
250
Calculate the greatest common factor of 94892464 and 809.
809
What is the highest common divisor of 1371 and 5120228?
457
Calculate the greatest common divisor of 23810691 and 917.
131
What is the highest common factor of 100 and 967825?
25
Calculate the greatest common factor of 1 and 6114146.
1
What is the highest common factor of 7194 and 8945085?
327
Calculate the highest common divisor of 1182357 and 12474.
891
What is the greatest common divisor of 110 and 186908018?
22
What is the highest common divisor of 8 and 24838312?
8
Calculate the highest common divisor of 136724 and 92302.
266
Calculate the greatest common factor of 48254272 and 1408.
704
Calculate the highest common divisor of 2970 and 1291994.
22
What is the greatest common divisor of 15996672 and 17172?
1908
What is the highest common factor of 30 and 190516010?
10
Calculate the greatest common factor of 27496 and 748228026.
6874
Calculate the highest common factor of 713280 and 1728.
192
What is the highest common factor of 106276579 and 14139?
1571
What is the highest common factor of 5363 and 7501957468?
5363
Calculate the highest common divisor of 91672 and 14784.
56
What is the highest common divisor of 2370 and 186455800?
790
What is the highest common divisor of 11886050 and 600?
50
Calculate the highest common divisor of 5760 and 5358960.
720
Calculate the greatest common divisor of 4720 and 424640.
80
Calculate the greatest common divisor of 1135 and 13360.
5
What is the highest common factor of 28 and 5585629?
7
Calculate the greatest common divisor of 4111143 and 30701.
2791
What is the highest common factor of 11394320 and 728?
56
Calculate the highest common divisor of 156591013 and 1271.
1271
Calculate the greatest common divisor of 157373 and 21449.
241
What is the highest common factor of 13271940 and 3?
3
What is the highest common divisor of 333421700 and 8700?
2900
Calculate the greatest common divisor of 5907872 and 4188.
1396
What is the greatest common factor of 3206 and 54616042?
458
What is the highest common divisor of 53256 and 3426486?
42
Calculate the highest common divisor of 4103424 and 19584.
1152
Calculate the highest common factor of 6 and 48108483.
3
What is the highest common factor of 68816594 and 26448?
1102
Calculate the highest common factor of 9944404 and 32.
4
What is the highest common divisor of 104 and 1301157?
13
Calculate the greatest common factor of 11 and 6156887.
11
Calculate the highest common divisor of 856 and 274047544.
856
What is the greatest common factor of 2017224 and 40986?
1782
What is the highest common divisor of 6616 and 51106946?
1654
Calculate the highest common factor of 296 and 956155036.
148
Calculate the highest common divisor of 3068572200 and 3610.
3610
What is the highest common divisor of 100 and 331746620?
20
Calculate the greatest common factor of 2262 and 16701564.
174
What is the highest common divisor of 4377847 and 38?
19
Calculate the greatest common divisor of 1081362 and 925.
37
Calculate the highest common factor of 3735 and 4868946.
747
Calculate the highest common divisor of 1951917056 and 1028.
1028
Calculate the highest common divisor of 788 and 18735882.
394
Calculate the greatest common divisor of 780605 and 105.
35
Calculate the highest common factor of 2339311 and 507.
13
What is the greatest common divisor of 58800 and 758800?
2800
What is the highest common factor of 594694 and 153?
17
What is the greatest common factor of 7378 and 839188?
238
Calculate the highest common factor of 58174830 and 18.
18
What is the greatest common factor of 84047082 and 107219?
6307
What is the greatest common factor of 1540 and 132561275?
385
What is the greatest common factor of 26191686 and 6?
6
What is the greatest common factor of 31470582 and 624?
78
Calculate the highest common factor of 217251 and 135441.
909
What is the highest common divisor of 12126 and 1390104430?
4042
What is the highest common divisor of 18 and 146449044?
18
What is the highest common divisor of 1543 and 1649467?
1543
What is the highest common factor of 688650 and 51450?
150
What is the greatest common divisor of 24370033 and 431?
431
What is the highest common factor of 72 and 1843976952?
72
What is the greatest common factor of 59407536 and 7046?
542
What is the highest common divisor of 7316 and 2420180?
236
Calculate the highest common factor of 7802 and 2706166.
94
What is the greatest common divisor of 2394293 and 1070509?
3377
Calculate the highest common factor of 1389926 and 27492.
158
Calculate the greatest common divisor of 55233 and 1829187.
3249
What is the greatest common factor of 1446368 and 18144?
224
What is the greatest common divisor of 708 and 24429894?
354
Calculate the greatest common divisor of 40 and 2